s q(1)?
7
Let v(b) = -b - 4. Let w be v(-9). Suppose 0*d + 11 = d - w*t, 3*t + 6 = 0. Let n(o) = 4*o**3 - o**2 + 1. Calculate n(d).
4
Let b(v) = v + 2. Let y be b(0). Let a(m) = 1 + m - 1 + y. Suppose 0*p - 4*c = 3*p + 29, p + c = -8. Determine a(p).
-1
Suppose -3*i + 2*i + 2*l - 2 = 0, l = -5*i + 1. Suppose 1 = h + n, -4*h - n - 4*n + 8 = i. Let o(m) = m**2 + m. Determine o(h).
6
Let x = -12 - -21. Suppose d + 4*z + z = 0, d - 4*z = -x. Let s(g) = -g - 11. What is s(d)?
-6
Let k be 6 - (1 - 0) - 0. Let i(j) = 3*j + 4*j - k*j + 2 + j**2. Suppose -4*u + 3*u - 3 = 0. Calculate i(u).
5
Let y(l) be the second derivative of -l**3/3 + 3*l**2/2 - 8*l. What is y(4)?
-5
Suppose -6*l - 7 = -25. Let j(x) = -x**2 + 5*x. Determine j(l).
6
Let u(q) = 3*q**3 - 29*q**2 - 9*q - 26. Let n(m) = m**3 - 10*m**2 - 3*m - 9. Let f(h) = 17*n(h) - 6*u(h). Determine f(5).
-7
Let n be (2 - -2 - 3)*-8. Let d = n - -9. Let z(y) = y**2. Let w(t) = -t**2 + 1. Let h(j) = -w(j) - 2*z(j). Give h(d).
-2
Let w = -1 + 6. Let b(p) = -w + 3*p + 6 + p. Let f(n) = -n - 1. Let k be f(-2). Determine b(k).
5
Suppose 2*f = -12 - 0. Let t(d) = -d - 5. Give t(f).
1
Suppose -16 = -4*a - 8. Let t(h) be the third derivative of -a*h**2 + 1/120*h**6 + 0*h - 5/24*h**4 + 0 + 1/20*h**5 - 1/2*h**3. Calculate t(-4).
1
Let f(g) be the second derivative of -g**6/120 - g**5/15 - g**3/3 + 3*g**2/2 - 3*g. Let j(v) be the first derivative of f(v). Calculate j(-4).
-2
Let j(f) = f**2 - f - 2. Let y be 747/45 - (-3)/(-5). Suppose 4*k = 3*t - y, -2*k - 7 = 5*t + 1. Determine j(t).
-2
Let m(s) be the second derivative of s**5/10 + s**4/4 + s**3/2 + s**2 - s. Give m(-2).
-8
Let o(t) = 6*t + 125 - 125. What is o(-5)?
-30
Let s(p) = -p**2 + p - 1. Let x(w) = 3*w**2 + 4*w - 1. Let j(c) = -4*s(c) - x(c). Calculate j(4).
-11
Let x(o) = o - 2. Suppose -n = -5*k + 3*k - 1, 0 = -4*k + 5*n - 5. What is x(k)?
-2
Let f be (8/10)/(4/(-10)). Let o(y) = y**2 - 2*y - 1. Give o(f).
7
Let c be 10/(-4)*36/(-15). Let r(m) = -m**2 + 7*m - 2. Give r(c).
4
Let m = -22 + 30. Let g(o) = o**2 - 7*o - 3. What is g(m)?
5
Let i(u) = 6*u**3 - u**2 + 1. Let r(f) = -f - 16. Let c(n) = -1. Let p(h) = 6*c(h) - r(h). Let a be p(-9). What is i(a)?
6
Let v = 108 - 104. Let b(o) = o + 5. What is b(v)?
9
Suppose -3*u = -8*u + 20. Let w(i) be the first derivative of i**4/12 + i**3/2 + 5*i**2 + 3. Let m(t) be the second derivative of w(t). Calculate m(u).
11
Let w(n) = -3*n - 60. Let s be w(-21). Let u(m) = 9*m - 2. Give u(s).
25
Let v(p) = p**2 + p. Let y = -18 + 17. Give v(y).
0
Suppose -5*v = 5*a + 5, 3*a - v = -3*v + 1. Let j(g) = 4 + a*g + 0*g - 4*g - g**2. Calculate j(3).
-8
Let c(h) = -h + 6. Suppose -5*q + 27 = -28. Let k = q + -11. Determine c(k).
6
Let r(u) = u + 7. Let c(z) = z**2 - 5*z + 4. Let m be c(4). Suppose m = x + 8 + 10. Let t = 12 + x. Give r(t).
1
Let z = 0 - 4. Let p be 1 + z/((-8)/(-6)). Let q(t) = -3*t + 2. Calculate q(p).
8
Suppose -2*f - 1 = 1. Let c(x) be the third derivative of x**4/24 - x**3/6 - x**2. Calculate c(f).
-2
Let c(m) = -10*m - 38 + 79 - m**2 - 36. Give c(-11).
-6
Let d(x) = 3*x**3. Let g = 2 + 1. Suppose -4*i + 2 = -5*o + g, -2*o - 22 = 4*i. Let b be (-2)/i - 6/4. Give d(b).
-3
Suppose -3*v - 2*o - 1 = -6, -v - 2*o - 5 = 0. Let l(t) be the third derivative of t**6/120 - t**5/10 + t**4/6 - 2*t**2. Give l(v).
-5
Let p(o) = o**2 + 6*o + 3. Let l = -1 - 4. Calculate p(l).
-2
Let d(u) = -4*u**2 + 15*u + 5. Let r(g) = 3*g**2 - 10*g - 3. Let j(a) = 5*d(a) + 7*r(a). Give j(-3).
-2
Suppose 16 + 14 = 5*v. Suppose -3*n = -v*n + 9. Let s(f) = -f**3 + f**2 + 4*f - 3. Calculate s(n).
-9
Let z(y) be the third derivative of -y**4/12 - y**2. Suppose -3*p + 24 = -3*k + 5*k, -5*k + 49 = 2*p. Let w(b) = -b**2 + 8*b + 6. Let s be w(k). Calculate z(s).
6
Suppose -5*j - 4 - 6 = 0. Let h(b) = 4*b**3 - 3*b**2 + 10*b - 10. Let q(k) = -k**3 + k**2 - 3*k + 3. Let u(x) = j*h(x) - 7*q(x). Give u(-2).
1
Let i(f) = -f**3 - 8*f**2 - 7*f - 1. Let t = -2 - -2. Suppose -5*n - 3 - 32 = t. Let v be i(n). Let l(z) = 5*z - 1. Give l(v).
-6
Let j(t) = 3*t - 5*t + 4*t + 2. Determine j(2).
6
Suppose 45*t = 50*t - 25. Let d(u) = -2*u + 4. Calculate d(t).
-6
Let x(d) be the third derivative of d**6/120 - 2*d**5/15 - d**3 - d**2. Let w be x(8). Let i(l) = l**2 + 5*l - 2. What is i(w)?
4
Let v(n) = n - 4. Let s be v(0). Let t(w) = -4*w**3 - 6*w**2 + 3*w - 5. Let p(c) = -5*c**3 - 7*c**2 + 3*c - 5. Let f(x) = -3*p(x) + 4*t(x). Determine f(s).
-1
Suppose 4*s + 19 - 7 = 0. Let c(v) = 2. Let k(d) = 3*d - 10. Let x(m) = -6*c(m) - k(m). Calculate x(s).
7
Let x(g) = -g**3 - 6*g**2 + 4. Let v(d) = d**2 - 10*d + 10. Let m be v(8). Let b be x(m). Let y(a) = 0 + a**2 - 2 + b. What is y(-2)?
6
Let w(l) = l. Let y(p) = 6*p - 4. Let g(a) = -5*w(a) + y(a). Determine g(4).
0
Let z be (0 - -1)*(-3)/(-1). Let g(k) = -k - z + 0*k + k - 6*k + k**2. Calculate g(6).
-3
Suppose -2*p = 12 - 16. Let k(v) = 2*v**2 - 2*v - 2. Determine k(p).
2
Suppose -2*k - 10 = -m, -1 = -5*k - 3*m - m. Let n(z) = 2*z - 1. Give n(k).
-7
Let b(k) be the second derivative of -1/2*k**3 + 3*k + 0 - 5/2*k**2. Determine b(-4).
7
Let x(k) = -3 + 8*k**2 + 0*k**3 - 8*k - 3 - k**3. Determine x(6).
18
Suppose q + 30 = -5*u, -3*q - 2*q - 25 = 0. Suppose -3*d + 20 = -2*d + 4*l, 4*d + l = 20. Let r(n) = 3*n**2 - 8*n - 2 - d*n**2 - 4. What is r(u)?
9
Let j(r) = r + 3. Let z(p) = -3*p - 1. Let q be z(3). Let g = q + 5. What is j(g)?
-2
Let v(s) = -2 + 0*s - 2*s + 6 - 5. Calculate v(-2).
3
Let w be -9 - (8 - (-7 + 20)). Let r(l) = 5*l - 1 + 8 - 1. What is r(w)?
-14
Suppose -4*a - 10 - 10 = 0. Let q(h) = h**2 + 4*h + 1. What is q(a)?
6
Let c(y) = 8*y + 3*y**3 - 7 + 3*y**3 + 10*y**2 - 3*y**3 - 2*y**3. Let q be c(-9). Let m(a) = 0*a + 2*a + 0*a. Calculate m(q).
4
Let v(p) = 22*p - 18. Let d(m) = -15*m + 12. Let i(s) = -8*d(s) - 5*v(s). Let o(g) = g - 1. Let x(k) = i(k) - 5*o(k). Calculate x(1).
4
Let w(v) = -v - 1. Let a(u) = -5*u - 13. Let z(x) = a(x) - 6*w(x). Let t = 10 + -7. Calculate z(t).
-4
Suppose y - 6 = -2*q, 14 = y - 3*q + 7*q. Let j(u) = u. Let m(r) = r**2 - r + 2. Let g(k) = -6*j(k) - m(k). Determine g(y).
4
Let a be (-25)/60 + 4/6. Let x(g) be the first derivative of 1/2*g**2 + 4 + a*g**4 + 0*g**3 + 3*g. Give x(0).
3
Let m(n) = n**3 + 5*n**2 - 4*n + 8. Let b be 6*(-1)/((-2)/(-2)). Give m(b).
-4
Let k(i) be the second derivative of i**3/2 - 2*i**2 + 4*i. Calculate k(6).
14
Let v = 2 - 0. Suppose -f + v = 5. Let l(r) be the third derivative of -r**6/120 - r**5/30 + r**4/24 - r**3/2 - r**2. Give l(f).
3
Let c(h) = -h**3 - 2*h**2 - 4*h - 3. Suppose 10*x - 5*x + 20 = 0. Let m be 10/x - (-2)/4. Calculate c(m).
5
Let o(v) be the first derivative of -v**6/360 + v**5/40 + 7*v**4/24 + v**3 + 6. Let s(n) be the third derivative of o(n). Give s(6).
-11
Let h(a) be the first derivative of -a**3/3 + 3*a**2/2 - a - 2. What is h(4)?
-5
Suppose 120*n - 4 = 121*n. Let r(j) = j**2 + 6*j + 2. Calculate r(n).
-6
Suppose -6 = -j - 10. Let c be (-13)/(-4) + 1/(-4). Let y(r) = 1 - 3*r + c - 10. Determine y(j).
6
Suppose -8 + 26 = -3*q. Let l(p) = 172*p - 167*p - 6 + 6 + p**2. Give l(q).
6
Let y(n) = -n**2 + 6*n + 10. Suppose -10 = -5*i + 15. Suppose 5*f + 8 = f, 3*u + i*f = 11. What is y(u)?
3
Let x(o) = -3*o**2 - 2*o + 1. Let h be (-1 - -2)/(1/(-2)). Calculate x(h).
-7
Let k(t) be the second derivative of t**6/360 - t**5/60 + t**4/6 - t**3/2 + 2*t. Let w(c) be the second derivative of k(c). Determine w(3).
7
Suppose -4*l + 3*l = -4*g + 15, -4*l = -4*g. Let q(c) = -c - 1. What is q(l)?
-6
Let q = -42 - -46. Let y(x) = x**2 - 3*x + 3. Calculate y(q).
7
Let u(g) = -g - 2. Suppose -2*h + 14 = 5*h. Give u(h).
-4
Let o(f) = f**2 + 2*f. Let w = 10 + -7. Suppose -12 = -0*p + w*p. Calculate o(p).
8
Let b(o) = 11*o**2 - 2*o + 1. Let k(g) = -g**3 + 8*g**2 + 8*g + 10. Let p be k(9). What is b(p)?
10
Let o(r) = -2*r**3 - 7*r**3 + 3*r**3 - 1 + 2*r + 4*r**3. Calculate o(-2).
11
Let z(n) = n**3 - n**2 - 5*n + 4. Let w(m) = m**3 - 5*m**2 - 6*m - 3. Let u be w(6). Let t be (1*-1 - -1) + -24. Let j be u/(-9) - t/9. Give z(j).
7
Let g(z) be the first derivative of z**2/2 + 5*z + 1. Suppose h = -0*h. What is g(h)?
5
Let d = 177 + -185. Let r(g) = g**3 + 8*g**2 - g - 9. What is r(d)?
-1
Let l(a) be the third derivative of a**6/120 - a**5/10 + 